t the prime factors of v.
2, 5179
Let k(z) = -6605*z - 87. Let m be k(-3). Suppose 10*c - 46*c = -m. What are the prime factors of c?
2, 137
Let i(k) = -k**3 - 8*k**2 - 6*k + 9. Let p be i(-7). Suppose -3*z = -2*q - 91 - 195, -p*z + q = -192. Suppose 32 - z = -l. What are the prime factors of l?
2, 3, 11
Let f = 6711 - -2009. Suppose f = -52*b + 62*b. What are the prime factors of b?
2, 109
Let w = 8014 + -2039. What are the prime factors of w?
5, 239
Let h = -48 - -53. Let a(o) = -18*o + 11. Let f(w) = 19*w - 10. Let q(y) = h*f(y) + 6*a(y). What are the prime factors of q(-7)?
107
Let m = -544 - -564. Suppose 0 = 4*v - 36 - 80. Suppose -k = -m - v. List the prime factors of k.
7
List the prime factors of ((-12)/16)/((104/190848)/(-13)).
2, 3, 7, 71
Let u(n) = 391*n**2 + 45*n + 7. What are the prime factors of u(3)?
7, 523
Let s be (-19215)/(-28) + -2 + 14/8. Let y = -267 + s. What are the prime factors of y?
419
Suppose -83 = -3*y + 22. Let j = 20 + y. Suppose 2*d + 23 - j = 0. What are the prime factors of d?
2
Let h = -53799 - -82892. List the prime factors of h.
47, 619
Let r be 82/(-615) - 96/(-45). List the prime factors of (r/2 + -75)*12/(-24).
37
Suppose 0 = 2*a + 3*h - 44623, 3147*h - 3152*h = -3*a + 66963. What are the prime factors of a?
2, 7, 797
Let j(w) be the first derivative of -w**4/2 - 4*w**3 - 6*w**2 + 5*w + 45. Let u be (1/(-1))/(2 - (-13)/(-7)). What are the prime factors of j(u)?
11, 17
Suppose -27*w - 21881 = -102530. What are the prime factors of w?
29, 103
Let b(j) = 3*j**2 - 15*j - 34. Let l(o) = 2*o**2 - 7*o - 17. Let i(f) = -3*b(f) + 5*l(f). Let g be i(-5). What are the prime factors of 1855/20 + 2*(-1)/g?
3, 31
Suppose -4*l + n + 362069 = 0, 4*l + 88*n - 362063 = 83*n. List the prime factors of l.
7, 67, 193
Let s = 12209 + -7263. List the prime factors of s.
2, 2473
Let k(w) = 7*w**2 + 6*w - 5*w**2 - 13 - 5. Let o be k(3). Suppose 2*a = -3*s + o + 20, 0 = 4*a + 8. What are the prime factors of s?
2, 7
Let s = -2951 + 7342. What are the prime factors of s?
4391
Let i = 83 + -14. Suppose g = 191 + i. What are the prime factors of g?
2, 5, 13
Let q = 27121 + 653. What are the prime factors of q?
2, 3, 1543
Suppose 3*y + 6201 = 3*a, -7*a + 4*a = 4*y + 8233. Let f = y - -3043. What are the prime factors of f?
3, 109
Let q(k) = -962*k + 282. Let p be q(-5). Suppose -5*u + p = 4*l - 7*u, 2*l - 2550 = 3*u. What are the prime factors of l?
2, 3, 53
Let i be 0 - (12/(-28) + 10068/(-28)). Suppose -3*d + u + 7 = 0, -d - 3*u + 8 = -11. Suppose 7*y - i = d*y. What are the prime factors of y?
2, 3, 5
Suppose 3*t + 4417 = 3*l + 15121, -10714 = -3*t + 5*l. List the prime factors of t.
7, 509
Let j be (30/60)/(6/(-4))*-8631. Suppose j = 5*c + 2*t + 336, -5*c + 2547 = 4*t. List the prime factors of c.
3, 13
Suppose -126*j + 1701180 = 92*j - 38*j. What are the prime factors of j?
13, 727
Let w(j) = -377 - 120 - 111*j + 252. What are the prime factors of w(-14)?
7, 11, 17
Suppose -6*p + 43 - 31 = 0. What are the prime factors of (-1 - 52 - -4)/(p/(-10))?
5, 7
Suppose i + k = -2*k + 2, i + 6 = 5*k. Let p(q) = -373*q**3 + q**2 + 3*q + 3. List the prime factors of p(i).
2, 11, 17
Suppose 2*a = 5*y - 63099, a - 47 = -49. List the prime factors of y.
12619
Let a(i) = i**2 + 26*i + 6. Let p be a(-26). Suppose -p*x = 47 + 13. Let q(s) = -6*s - 15. What are the prime factors of q(x)?
3, 5
Suppose -2*k + 37260 = 2*r, -38*r = -33*r + 20. List the prime factors of k.
2, 7, 11
Suppose 38*l + 9189 = 47*l. Suppose 0 = q + 4*u - l, -3*q + 5021 = 2*q - u. What are the prime factors of q?
3, 5, 67
Let x(o) = 11*o**2 + 8*o - 506. What are the prime factors of x(35)?
13249
Suppose -27 = g - 10*g. Suppose -g*w + 6*w - 1083 = 0. Suppose -4*x - 12 = 0, -2*x = -5*o - 5*x + w. What are the prime factors of o?
2, 37
Let i = -15 - -22. Suppose 1189 = i*a - 519. Suppose 2*z = -r + a, 1 + 7 = 4*r. List the prime factors of z.
11
Suppose 13*i - 237701 - 91121 - 37180 = 0. List the prime factors of i.
2, 7, 2011
Suppose 0 = -59*h + 56*h + 3*o + 43926, -h = -5*o - 14614. What are the prime factors of h?
3, 19, 257
Let t = -151 - -60. Let g = -87 - t. Suppose g*r = -5*v + 86, 0*r - 74 = -4*v + 2*r. List the prime factors of v.
2, 3
Let x = -6248 - -6250. Let c(j) = -j**3 + 6*j**2 + j - 2. Let t be c(6). Suppose -t*b = 12, x*b - 82 = -q - q. What are the prime factors of q?
2, 11
Let h(y) = -2*y**2 - 1 + y**2 - y + 54*y**3 + 4*y**2 - 4*y**2. Let a be h(-1). Let v = 46 - a. List the prime factors of v.
101
Suppose 0*d + 2*d + 192 = 0. Let j(v) = v + 345. Let y be j(4). Let h = d + y. What are the prime factors of h?
11, 23
Let h be 2/(-5) + (7 - 24164/(-35)). Let s = -374 + h. List the prime factors of s.
17, 19
Suppose -5*o + 29 = -3*z, -4*z = -3*o - 0*z + 13. Suppose -o*d - 2*d = -3915. What are the prime factors of d?
3, 5, 29
Let c = 1626 + 9450. What are the prime factors of c?
2, 3, 13, 71
Let a(h) = h**2 - 8*h + 4. Let f be a(8). Suppose f*m + 144 = 728. List the prime factors of m.
2, 73
Suppose -319*u + 318*u + 17723 = 4*q, -53129 = -3*u - 4*q. What are the prime factors of u?
3, 7, 281
Let w(d) = d**3 - 7*d**2 - 21*d + 3. Let p be w(8). Let h = -99 - p. Suppose -o + 175 = -5*t - 27, 0 = 2*o - h*t - 412. List the prime factors of o.
3, 23
Suppose 4*d = -2*y - 1727 + 6561, -5*y - 2387 = -2*d. Let v = d - -4. List the prime factors of v.
2, 5, 11
Let h = -732 + 1343. Let a = h - -29. List the prime factors of a.
2, 5
Let z = 415 - 407. Suppose z*v = 4*v + 3516. List the prime factors of v.
3, 293
Let i = 326 - 321. What are the prime factors of i - (-3 - 2 - 65)?
3, 5
Let a(z) = 169*z + 2881. List the prime factors of a(47).
2, 3, 11, 41
Let f(c) = 8*c + 38. Let z be f(-4). Suppose 5*r - 506 = -4*s, -3*r - 3*s - 309 = -z*r. List the prime factors of r.
2, 3, 17
Suppose -112*k - 40 = -104*k. What are the prime factors of (-12)/30*k - (-218 + -1)?
13, 17
Let w(p) = p - 14. Let l be w(17). Suppose 0 = -13*x + l*x + 2410. Suppose -4*v - x - 266 = -3*o, v = o - 170. What are the prime factors of o?
173
Let z(a) = -22*a + 1. Let q(u) = u. Let g(s) = -12*q(s) - 3*z(s). Let h be g(3). Suppose 4*i + h = 5*i. What are the prime factors of i?
3, 53
Let n(c) = c**2 + 3*c - 14. Let d be n(-6). Suppose 4*v = 3*t + 35, 2*v = d*t - 7*t - 5. What are the prime factors of 78 + (-3 + -2)/t?
79
Suppose -5*i + 48270 = -5*n, -5*i + 4*n - 9654 = -6*i. What are the prime factors of i?
2, 3, 1609
Let z be -2 + (3 - 3) + -2 + -10. What are the prime factors of ((-553)/z)/(3/30)?
5, 79
Let u(a) = 37*a - 4. Let j be 8 + -4 + -3 + -3. Let t(c) = -c + 1. Let w be t(j). What are the prime factors of u(w)?
107
Let t = 100525 - 58102. What are the prime factors of t?
3, 79, 179
Suppose -4*i + 16 = -0*i. Suppose 5*n - 2*h + 368 = 0, 15 = i*h - 1. What are the prime factors of 20/(-70) - n/7?
2, 5
Let p(y) = -13*y + 21. Let h be p(-5). Let f = h - 36. What are the prime factors of (2/12*f)/((-9)/(-27))?
5
Let n(p) = -6184*p - 2856. What are the prime factors of n(-6)?
2, 3, 1427
Suppose -5*u = -8*u - 4*k + 9411, 4*u = -2*k + 12548. What are the prime factors of u?
3137
Let o(l) = 20*l**2 + 12*l + 188. What are the prime factors of o(-22)?
2, 7
Let w(s) = 37*s**2 + 42*s + 153. What are the prime factors of w(-10)?
3433
Let w be 1 - ((-4)/8)/(2/80). What are the prime factors of ((-497)/w)/(4/(-60))?
5, 71
Let r = -32 - -38. Suppose -h = -r*h + 2395. What are the prime factors of h?
479
Let q(t) = -45*t + 55. Let v(k) = 48*k - 54. Let u(h) = 7*q(h) + 6*v(h). List the prime factors of u(-34).
11, 89
Let j(v) = -28*v - 24. Let a be j(-7). List the prime factors of a - (-4 + 10 - 3).
13
Suppose 22470 = 3*p + 26*l - 28*l, 0 = -4*p + 2*l + 29960. Suppose 1756 = 6*j - p. List the prime factors of j.
23, 67
Suppose -5272 = -2*l + 5*h + 8551, -l + 4*h = -6910. What are the prime factors of l?
2, 3457
Let n = -194 - -196. Suppose -3*h - 4*r = -1552, h - 3*r + n*r = 522. List the prime factors of h.
2, 5, 13
Suppose 42*q - 1552 = 3194. Suppose 3*p - 3*y - 117 = 0, 4*p + 5*y + 69 = 6*p. Suppose k = -3*h + q, -4*k - p = 3*h - 4*h. What are the prime factors of h?
2, 19
Suppose -p - 2280 = -5*s, 2*p = -28 + 18. What are the prime factors of s?
5, 7, 13
Suppose 39385 = 53*l - 50*l - 4151. What are the prim